. Calculate the highest common divisor of l and 50.
25
Let g(l) be the third derivative of l**4/8 + l**3/2 - 3*l**2. Let v be g(4). Let b = v - 3. Calculate the greatest common factor of 18 and b.
6
Let j = 19 + -10. What is the greatest common divisor of j and 18?
9
Let i = 29 + -17. Let v = 75 - i. Calculate the greatest common factor of v and 7.
7
Let l be 0*3/6 - -40. What is the greatest common factor of l and 10?
10
Let n = 14 - 4. Calculate the highest common factor of n and 20.
10
Let v = -12 + 24. What is the highest common divisor of v and 60?
12
Let t be ((-66)/55)/(3/(-70)). Calculate the greatest common divisor of t and 14.
14
Let a be (-588)/4*1/(-3). Suppose -4*c - 55 = -9*c. Suppose 2*v - c = 3. Calculate the greatest common divisor of a and v.
7
Let q be (171/(-12))/(5/(-60)). Calculate the greatest common divisor of 19 and q.
19
Let n be (16/(-3))/(18/(-27)). Calculate the highest common divisor of 72 and n.
8
Let y = 17 - 8. Suppose b - 3*l = y, l = 6*l. Calculate the greatest common factor of 36 and b.
9
Suppose i = -2*h + 48, -3*i + 158 = -4*h + 3*h. Calculate the greatest common divisor of i and 13.
13
Let n = 69 - 50. Calculate the greatest common factor of n and 152.
19
Suppose -w - 5*t = -3*w + 240, t = 0. Calculate the highest common divisor of w and 80.
40
Suppose -5*g - g + 60 = 0. What is the highest common divisor of g and 2?
2
Suppose -l - 2 = 4. Let q = l - -8. Suppose -5*c + 17 = -8. What is the greatest common factor of q and c?
1
Let q(g) = -6*g**2 + g**3 + 3*g**3 + 7 - 3*g**3 - g. Let m be q(6). Let l be (-128)/(-4)*3/m. What is the greatest common factor of l and 16?
16
Suppose -5*s + 4*q - 11 = 0, -q - 4*q = 5*s - 25. Let x(a) = 0*a + 43*a**2 + 2*a**2 - a. Let v be x(s). What is the highest common divisor of 4 and v?
4
Suppose -h = 3*l + 3*h - 66, -3*l = 3*h - 63. Let v be 8/36 - 40/l. Let d be (-357)/(-12) + v/(-8). Calculate the highest common factor of d and 15.
15
Let f be 7/28*(0 + 0). Suppose -42 = -2*d - f*d. What is the highest common divisor of 14 and d?
7
Let u = -1 - -117. Suppose 3*g + 35 = u. Suppose -g = 3*a - 6*a. What is the greatest common factor of a and 1?
1
Suppose 0*a = -3*a + 18. Suppose 0 = -t - 0*t + a. What is the greatest common divisor of t and 6?
6
Suppose -4*g = 2*j - 6, g - 5*g + 5*j - 15 = 0. Let x be (g - 9/2)*-12. Calculate the highest common divisor of 6 and x.
6
Let v(u) = 8*u + 2. Let s be v(1). What is the greatest common divisor of 90 and s?
10
Let a be (-4)/10 + 316/(-10). Let u = a - -46. Suppose -4*q + 268 - 100 = 0. Calculate the greatest common factor of q and u.
14
Let w be 0 - (1*-69)/(-3). Let n = 9 - w. What is the greatest common divisor of 16 and n?
16
Let n(h) = -5*h**2 - 15*h - 15. Let l(u) = -2*u**2 - 8*u - 8. Let y(f) = 9*l(f) - 4*n(f). Let g be y(10). What is the greatest common divisor of g and 17?
17
Let l(i) = -i**2 - 3*i + 3. Let j be l(-3). Suppose 0 = -v + j + 15. Suppose -b = -3*b + v. Calculate the greatest common divisor of 27 and b.
9
Let s be (-2)/4 - 98/(-4). Calculate the highest common factor of 16 and s.
8
Suppose -5*x + 3*m = -14, -10 = -x - 5*m + 4. Suppose -3*v = 2*i - 16, x*i = i - 2*v + 24. What is the greatest common factor of i and 4?
4
Let a(t) = t**2 - 2*t - 3. Let n be a(-3). Let u be 7/42 - (-718)/n. What is the highest common factor of 12 and u?
12
Let x(u) = 6*u**2 + 6*u. Let k be x(-4). Let c(h) = -h + 8. Let g be 0*2/(-8)*-2. Let o be c(g). Calculate the highest common divisor of o and k.
8
Let t = -6 - -6. Suppose -p - p + 6 = t. Calculate the highest common factor of 33 and p.
3
Let a be (-520)/(-72) + (0 - 4/18). Calculate the greatest common divisor of a and 56.
7
Suppose 0*y - 5*y + 15 = 0. Suppose -i - 10 = -5*c, 5 + 6 = 4*i - y*c. Suppose -20 - 5 = -i*d. Calculate the highest common divisor of d and 10.
5
Let o = 9 + -3. What is the greatest common divisor of o and 15?
3
Suppose 3*p - 2*h = 15, -5*p + 4*h + 30 = -h. Let k(o) = 5*o**2 + o. Let s be k(p). Calculate the highest common divisor of 6 and s.
6
Let o be (-1)/((-4)/152) - 2. What is the highest common divisor of 54 and o?
18
Let i(s) = 218*s + 1. Let f be i(1). Suppose 2*v - f = y, -v - 2*y + 44 + 68 = 0. Suppose -2*g = 3*g - v. What is the greatest common divisor of g and 66?
22
Let t(h) = -h**3 + 2*h**3 - 6 + h**2 - 2*h + 8. Let v be t(2). Let b = v + -4. Calculate the greatest common factor of 15 and b.
3
Let d be (-50)/(-6) - (-1)/(-3). Suppose -6*u + 5*u = -224. Suppose -u = -6*v + 2*v. What is the highest common divisor of d and v?
8
Suppose -4*w - 3*d + 639 = 0, -5*w = -0*w + d - 807. Suppose 44 = 4*o - 28. Calculate the highest common divisor of o and w.
18
Suppose -1273 = -6*o + 401. What is the highest common factor of 31 and o?
31
Suppose 5*v - 24 - 61 = -2*s, -2*s - 20 = -2*v. What is the highest common factor of 30 and v?
15
Let m be (-2 + 5 - 3) + -2. Let r be ((-1)/m)/(3/12). Calculate the highest common divisor of r and 2.
2
Suppose 506 + 2806 = 16*h. Calculate the highest common factor of h and 23.
23
Let b be (13/(-2))/(1/(-2)). Suppose 0 = -2*a - 1 + 7. Suppose 373 = 4*o - a*w, o = w + 132 - 38. Calculate the greatest common factor of b and o.
13
Let p be (2*1)/(1/8). Calculate the highest common divisor of 128 and p.
16
Suppose -4*m = -m - 42. Let h(f) = -f**3 - 5*f**2 - 6*f - 1. Suppose -c - 8 + 4 = 0. Let r be h(c). What is the greatest common factor of r and m?
7
Suppose 3*m = 14 - 2. Suppose -35 = m*g - 9*g. Calculate the greatest common factor of 77 and g.
7
Let z(u) be the second derivative of -2*u**3/3 - 5*u**2/2 - u. Let k be z(-5). What is the highest common divisor of 15 and k?
15
Let a be (-2)/(-11) - (-3370)/(-22). Let p = a - -286. What is the greatest common factor of p and 19?
19
Let b = -14 + 16. Suppose 5*f = 3*x + 63, b*f = x + 27 - 2. Calculate the highest common factor of f and 12.
12
Let w = 8 + -1. Let i = 61 + -40. What is the highest common factor of i and w?
7
Suppose -1 + 25 = 3*k. Let q be 6/(-4)*k/(-6). Let d be 3/q*(2 - 0). Calculate the highest common factor of d and 33.
3
Let f = 59 - 23. Let p = -22 + f. What is the highest common factor of p and 98?
14
Let j be (-1)/4*-4*5. Suppose -56 = 4*x - 4*q, 3*x = 2*x + 3*q - 24. Let y be (-1491)/(-27) + 2/x. What is the highest common divisor of y and j?
5
Let i(k) = k**3 + 10*k**2 + 8*k. Let f be i(-9). Suppose 5*j = 54 - f. What is the highest common divisor of j and 9?
9
Let t(i) = 0*i**2 + 3*i + 3*i**2 + i**2 - 1. Let r be t(3). Let l = -6 + 10. What is the greatest common divisor of l and r?
4
Let x be (12/(-9))/(3/(-18)). Suppose b = x - 0. What is the greatest common factor of b and 1?
1
Suppose 0 = -5*r - 10*r + 30. Let a = 12 - 6. Calculate the greatest common divisor of a and r.
2
Let g be ((-108)/(-8))/(2/4). Calculate the greatest common divisor of 9 and g.
9
Suppose -2*b = 2*r - 18 - 4, -5*b + 13 = -r. Calculate the highest common divisor of r and 56.
7
Suppose 5*r - 2*r - 143 = 4*f, -f - 4*r = 31. Let o = -25 - f. Calculate the greatest common divisor of o and 110.
10
Let m(d) = -d + 44. Let v be m(0). Suppose -g + v + 21 = 0. What is the highest common factor of g and 26?
13
Suppose 2*t - 1 - 15 = 3*h, 5*t - 54 = 4*h. Let a be ((-8)/(-16))/(1/28). Calculate the highest common divisor of a and t.
14
Let s(j) = 127*j**3 - 2*j**2 + j. Let b be s(1). Let z = 11 + -3. Let q = z - -6. Calculate the highest common factor of q and b.
14
Suppose -y = 1 - 4. Let w(s) = 5*s**2 - 3 - 2*s**2 - 2*s**2 + s. Let u be w(5). Calculate the greatest common factor of y and u.
3
Let z be (-18)/14 - (-20)/70. Let h(y) = -20*y. Let g be h(z). What is the highest common factor of 5 and g?
5
Suppose -m = -2*m + 32. Let z(y) = 2*y**2 + 4*y + 8. Let r be z(-2). Calculate the highest common divisor of r and m.
8
Let r = 8 - 5. Let v(c) = 3 - r - 4*c + 0. Let i be v(-4). Calculate the highest common factor of 16 and i.
16
Let u = 602 + -387. What is the highest common divisor of u and 86?
43
Let w(t) = 79*t - 2. Let f be w(1). What is the greatest common factor of 11 and f?
11
Suppose 5 = 5*s + 2*g, 0*s - 3*s + 2*g - 13 = 0. Let u be 49 - (s - -2 - 2). Calculate the greatest common factor of u and 10.
10
Let r = -130 + 136. Calculate the highest common factor of r and 3.
3
Le